{"id":12,"date":"2016-04-21T12:15:49","date_gmt":"2016-04-21T10:15:49","guid":{"rendered":"https:\/\/www.maisons-geode.com\/constructeur\/?page_id=12"},"modified":"2021-10-01T11:42:48","modified_gmt":"2021-10-01T09:42:48","slug":"prestations","status":"publish","type":"page","link":"https:\/\/www.maisons-geode.com\/constructeur\/prestations\/","title":{"rendered":"Prestations"},"content":{"rendered":"<p>[vc_row css_animation=\u00a0\u00bb\u00a0\u00bb row_type=\u00a0\u00bbrow\u00a0\u00bb use_row_as_full_screen_section=\u00a0\u00bbno\u00a0\u00bb type=\u00a0\u00bbgrid\u00a0\u00bb angled_section=\u00a0\u00bbno\u00a0\u00bb text_align=\u00a0\u00bbleft\u00a0\u00bb background_image_as_pattern=\u00a0\u00bbwithout_pattern\u00a0\u00bb background_color=\u00a0\u00bb#0a4b7d\u00a0\u00bb padding_top=\u00a0\u00bb10&Prime; padding_bottom=\u00a0\u00bb10&Prime;][vc_column][vc_column_text]<\/p>\n<h1>Prestations<\/h1>\n<p>[\/vc_column_text][\/vc_column][\/vc_row][vc_row css_animation=\u00a0\u00bb\u00a0\u00bb row_type=\u00a0\u00bbrow\u00a0\u00bb use_row_as_full_screen_section=\u00a0\u00bbno\u00a0\u00bb type=\u00a0\u00bbfull_width\u00a0\u00bb angled_section=\u00a0\u00bbno\u00a0\u00bb text_align=\u00a0\u00bbleft\u00a0\u00bb background_image_as_pattern=\u00a0\u00bbwithout_pattern\u00a0\u00bb z_index=\u00a0\u00bb\u00a0\u00bb][vc_column][vc_single_image image=\u00a0\u00bb1055&Prime; img_size=\u00a0\u00bbfull\u00a0\u00bb qode_css_animation=\u00a0\u00bb\u00a0\u00bb][\/vc_column][\/vc_row][vc_row css_animation=\u00a0\u00bb\u00a0\u00bb row_type=\u00a0\u00bbrow\u00a0\u00bb use_row_as_full_screen_section=\u00a0\u00bbno\u00a0\u00bb type=\u00a0\u00bbgrid\u00a0\u00bb angled_section=\u00a0\u00bbno\u00a0\u00bb text_align=\u00a0\u00bbleft\u00a0\u00bb background_image_as_pattern=\u00a0\u00bbwithout_pattern\u00a0\u00bb][vc_column][vc_accordion active_tab=\u00a0\u00bbfalse\u00a0\u00bb collapsible=\u00a0\u00bbyes\u00a0\u00bb style=\u00a0\u00bbboxed_accordion\u00a0\u00bb][vc_accordion_tab title=\u00a0\u00bbLes documents et assurances\u00a0\u00bb title_color=\u00a0\u00bb#ffffff\u00a0\u00bb background_color=\u00a0\u00bb#0a4b7d\u00a0\u00bb]<div class='q_list circle'>Contrat de type \u00ab\u00a0CCMI\u00a0\u00bb<\/p>\n<p>Notice descriptive type \u00ab\u00a0CCMI\u00a0\u00bb<\/p>\n<p>Assurances professionnelle, d\u00e9cennale, tous risques chantiers<\/p>\n<p>Assurance Dommages Ouvrage &#8211; Garantie de livraison \u00e0 prix et d\u00e9lai convenus<\/p>\n<p>Pas de versement d&rsquo;acompte \u00e0 la signature<\/div>[\/vc_accordion_tab][vc_accordion_tab title=\u00a0\u00bbLe permis de construire et la RE 2020&Prime; title_color=\u00a0\u00bb#ffffff\u00a0\u00bb background_color=\u00a0\u00bb#0a4b7d\u00a0\u00bb]<div class='q_list circle'>\u00c9tude thermique pour chaque maison avec conformit\u00e9 RE 2020<\/p>\n<p>Dossier permis de construire complet avec attestation thermique Bbio RE 2020<\/p>\n<p>Optimisation des composants pour respect de l&rsquo;indice carbone construction Icc<\/p>\n<p>Test de perm\u00e9abilit\u00e9<\/p>\n<p>Contr\u00f4le de conformit\u00e9 de la maison \u00e0 la RE 2020<\/p>\n<p>D\u00e9livrance d&rsquo;un DPE (Diagnostic de performance \u00e9nerg\u00e9tique).<\/div>[\/vc_accordion_tab][vc_accordion_tab title=\u00a0\u00bbLe descriptif g\u00e9n\u00e9ral\u00a0\u00bb title_color=\u00a0\u00bb#ffffff\u00a0\u00bb background_color=\u00a0\u00bb#0a4b7d\u00a0\u00bb]<div class='q_list circle'><span class=\"s1\"><b>La description g\u00e9n\u00e9rale des prestations ci-dessous est une liste sommaire de ce qui peut \u00eatre int\u00e9gr\u00e9 dans la r\u00e9alisation des constructions.<br \/>\n<\/b><\/span><span class=\"s1\"><b>Ces prestations g\u00e9n\u00e9rales peuvent \u00eatre modifi\u00e9es, individualis\u00e9es et\/ou pr\u00e9cis\u00e9es.<br \/>\n<\/b><\/span><span class=\"s1\"><b>D\u2019autres prestations peuvent \u00eatre \u00e9tudi\u00e9es en fonction des demandes et peuvent \u00eatre int\u00e9gr\u00e9es dans un projet.<br \/>\n<\/b><\/span><span class=\"s1\"><b>Dans tous les cas, le choix final est \u00e9tabli sur UNE NOTICE DESCRIPTIVE r\u00e8glementaire pour chaque construction.<\/b><\/span><\/p>\n<p>Terrassement &#8211; Fouilles &#8211; Remblaiement des terres &#8211; Acc\u00e8s garage en concass\u00e9<\/p>\n<p>Fondations \u00e0 la profondeur hors gel en b\u00e9ton arm\u00e9<\/p>\n<p>Soubassements sur vide sanitaire en bloc agglos B 60 y compris cha\u00eenages verticaux et horizontaux ou en agglos coffrants si n\u00e9cessit\u00e9 technique<\/p>\n<p>Dalle de vide sanitaire en poutrelles et hourdis ou alv\u00e9olaire.<\/p>\n<p>Murs porteurs de sous-sol en blocs agglos B 60 y compris cha\u00eenages verticaux et horizontaux ou en agglos coffrants si n\u00e9cessit\u00e9 technique<\/p>\n<p>Enduit d&rsquo;\u00e9tanch\u00e9it\u00e9 et coupure de remont\u00e9e capillaire<\/p>\n<p>Dallage de sous-sol en b\u00e9ton arm\u00e9<\/p>\n<p>Murs porteurs de RDC et d&rsquo;\u00e9tage en brique terre cuite WIENERBERGER y compris cha\u00eenages verticaux et horizontaux<\/p>\n<p>Dalle en poutrelles et hourdis en R.D.C. et \u00e0 l&rsquo;\u00e9tage (avec rupteurs de pont thermique)<\/p>\n<p>Escalier en b\u00e9ton, en bois ou m\u00e9tal.<\/p>\n<p>Charpente en bois trait\u00e9, calcul\u00e9e par fabricant, d\u00e9bords chainarive cr\u00e9pi ou PVC ou Alu.<\/p>\n<p>Tuiles couleur au choix en fonction de la r\u00e9glementation en b\u00e9ton ou en terre cuite<\/p>\n<p>\u00c9cran en sous toiture<\/p>\n<p>Goutti\u00e8res et descentes d&rsquo;eau pluviale en zinc naturel ou pr\u00e9patin\u00e9 ou aluminium.<\/p>\n<p>Conduit de fum\u00e9e inox poujoulat \u00e2tre<\/p>\n<p>Cr\u00e9pi ext\u00e9rieur finition gratt\u00e9e avec colorations diff\u00e9rentes<\/p>\n<p>Menuiseries ext\u00e9rieures PVC ou ALUMINIUM (Gris anthracite ou Blanc), oscillo-battant ou coulissant, double vitrage 4\/20\/4 avec gaz argon incorpor\u00e9 (RE 2020).<\/p>\n<p>Volets roulants PVC ou ALU avec motorisation pilot\u00e9e, avec option encastr\u00e9.<\/p>\n<p>Porte d&rsquo;entr\u00e9e isolante en ALU laqu\u00e9 ou acier. Fermeture automatique avec 5 points de s\u00e9curit\u00e9<\/p>\n<p>Porte de garage sectionnelle isol\u00e9e motoris\u00e9e<\/p>\n<p>Doublage int\u00e9rieur des murs en 120 + 10 TH 30 ou autre, hydrofuge en salles de bains<\/p>\n<p>Plafond BA 13 fix\u00e9 sur une ossature m\u00e9tallique avec trappe d&rsquo;acc\u00e8s isol\u00e9e \u00e0 la toiture<\/p>\n<p>Cloisons placostil hydrofuge en salles de bains.<\/p>\n<p>Isolation des plafonds avec 45 cm de laine de verre projet\u00e9e<\/p>\n<p>Chauffage par le sol ou radiateur basse temp\u00e9rature avec pompe \u00e0 chaleur (air\/eau ou g\u00e9othermie).<\/p>\n<p>Appareils sanitaires Villeroy et Boch, Robinetteries mitigeurs Grohe<\/p>\n<p>Installation \u00e9lectrique conforme \u00e0 la norme NF C 15-100, avec emplacements au choix du client et option domotique.<\/p>\n<p>VMC hygror\u00e9glable B conforme \u00e0 RE 2020<\/p>\n<p>Portes int\u00e9rieures de style stratifi\u00e9es (finition contemporaine ou\u00a0bois) ou pr\u00e9peintes avec chambranles et contrechambranles et poign\u00e9es rosace.<\/p>\n<p>Chape de finition taloch\u00e9e, pr\u00eate \u00e0 recevoir un carrelage coll\u00e9 avec ajout d&rsquo;isolant de sol (RE 2020).<\/p>\n<p>Carrelage et plinthes carrel\u00e9es avec choix possible en salle expo.<\/p>\n<p>Fa\u00efence murale avec choix possible en salle expo.<\/p>\n<p>Branchements et raccordements ext\u00e9rieurs depuis la maison jusqu&rsquo;\u00e0 la limite de terrain.<\/p>\n<p>Drainage p\u00e9riph\u00e9rique.<\/p>\n<p><strong>Cette description de prestations g\u00e9n\u00e9rales est \u00e0 modifier, \u00e0 individualiser, \u00e0 pr\u00e9ciser et \u00e0 int\u00e9grer dans chaque projet individuel. D&rsquo;autres prestations peuvent \u00eatre \u00e9tudi\u00e9es en fonction des demandes et peuvent \u00eatre int\u00e9gr\u00e9es dans un projet.<\/strong><\/div>[\/vc_accordion_tab][\/vc_accordion][\/vc_column][\/vc_row]<\/p>\n","protected":false},"excerpt":{"rendered":"<p>[vc_row css_animation=\u00a0\u00bb\u00a0\u00bb row_type=\u00a0\u00bbrow\u00a0\u00bb use_row_as_full_screen_section=\u00a0\u00bbno\u00a0\u00bb type=\u00a0\u00bbgrid\u00a0\u00bb angled_section=\u00a0\u00bbno\u00a0\u00bb text_align=\u00a0\u00bbleft\u00a0\u00bb background_image_as_pattern=\u00a0\u00bbwithout_pattern\u00a0\u00bb background_color=\u00a0\u00bb#0a4b7d\u00a0\u00bb padding_top=\u00a0\u00bb10&Prime; padding_bottom=\u00a0\u00bb10&Prime;][vc_column][vc_column_text] Prestations [\/vc_column_text][\/vc_column][\/vc_row][vc_row css_animation=\u00a0\u00bb\u00a0\u00bb row_type=\u00a0\u00bbrow\u00a0\u00bb use_row_as_full_screen_section=\u00a0\u00bbno\u00a0\u00bb type=\u00a0\u00bbfull_width\u00a0\u00bb angled_section=\u00a0\u00bbno\u00a0\u00bb text_align=\u00a0\u00bbleft\u00a0\u00bb background_image_as_pattern=\u00a0\u00bbwithout_pattern\u00a0\u00bb z_index=\u00a0\u00bb\u00a0\u00bb][vc_column][vc_single_image image=\u00a0\u00bb1055&Prime; img_size=\u00a0\u00bbfull\u00a0\u00bb qode_css_animation=\u00a0\u00bb\u00a0\u00bb][\/vc_column][\/vc_row][vc_row css_animation=\u00a0\u00bb\u00a0\u00bb row_type=\u00a0\u00bbrow\u00a0\u00bb use_row_as_full_screen_section=\u00a0\u00bbno\u00a0\u00bb type=\u00a0\u00bbgrid\u00a0\u00bb angled_section=\u00a0\u00bbno\u00a0\u00bb text_align=\u00a0\u00bbleft\u00a0\u00bb background_image_as_pattern=\u00a0\u00bbwithout_pattern\u00a0\u00bb][vc_column][vc_accordion active_tab=\u00a0\u00bbfalse\u00a0\u00bb collapsible=\u00a0\u00bbyes\u00a0\u00bb style=\u00a0\u00bbboxed_accordion\u00a0\u00bb][vc_accordion_tab title=\u00a0\u00bbLes documents et assurances\u00a0\u00bb title_color=\u00a0\u00bb#ffffff\u00a0\u00bb background_color=\u00a0\u00bb#0a4b7d\u00a0\u00bb][\/vc_accordion_tab][vc_accordion_tab title=\u00a0\u00bbLe permis de construire et&#8230;<\/p>\n","protected":false},"author":1,"featured_media":0,"parent":0,"menu_order":0,"comment_status":"closed","ping_status":"closed","template":"full_width.php","meta":{"footnotes":""},"class_list":["post-12","page","type-page","status-publish","hentry"],"_links":{"self":[{"href":"https:\/\/www.maisons-geode.com\/constructeur\/wp-json\/wp\/v2\/pages\/12","targetHints":{"allow":["GET"]}}],"collection":[{"href":"https:\/\/www.maisons-geode.com\/constructeur\/wp-json\/wp\/v2\/pages"}],"about":[{"href":"https:\/\/www.maisons-geode.com\/constructeur\/wp-json\/wp\/v2\/types\/page"}],"author":[{"embeddable":true,"href":"https:\/\/www.maisons-geode.com\/constructeur\/wp-json\/wp\/v2\/users\/1"}],"replies":[{"embeddable":true,"href":"https:\/\/www.maisons-geode.com\/constructeur\/wp-json\/wp\/v2\/comments?post=12"}],"version-history":[{"count":8,"href":"https:\/\/www.maisons-geode.com\/constructeur\/wp-json\/wp\/v2\/pages\/12\/revisions"}],"predecessor-version":[{"id":1195,"href":"https:\/\/www.maisons-geode.com\/constructeur\/wp-json\/wp\/v2\/pages\/12\/revisions\/1195"}],"wp:attachment":[{"href":"https:\/\/www.maisons-geode.com\/constructeur\/wp-json\/wp\/v2\/media?parent=12"}],"curies":[{"name":"wp","href":"https:\/\/api.w.org\/{rel}","templated":true}]}}